 by 4658/153 + (-8)/18.
29
What is the remainder when 106 is divided by 18 - (-6 - 3)/(-1)?
7
Let n(c) = 31*c + 2. Let x be n(1). Suppose -396 = -30*t + x*t. Let p = t + 219. Calculate the remainder when p is divided by 44.
43
Suppose 6 = -3*o, -r + 2*o = r - 16. Let g = r - 1. What is the remainder when 31 is divided by g?
1
Let d be 2/(-5) + -6 + (-732)/20. Let s = d - -57. Let p(a) = -2*a - 26. Calculate the remainder when s is divided by p(-15).
2
Let g = 3233 + -2780. Calculate the remainder when g is divided by 50.
3
Let u = -2010 - -2025. Let z = 0 + 8. Suppose 0 = 4*t + 16, -2*r - 2*t = -t - z. Calculate the remainder when u is divided by r.
3
Let s = 826540 + -826422. Suppose -2*c = c - 24. What is the remainder when s is divided by (-1)/(-4) - (-190)/c?
22
Let g(x) = -x**3 - 23*x**2 - 22*x + 4. Let k be (-2)/1*(-3 - -14). Let m be g(k). Suppose -m*a = -11*a + 63. Calculate the remainder when a is divided by 3.
0
Let f be 2*(2 - 4)/(-2). Suppose 3*g - 19 = f*s, g - 2 = s + 6. What is the remainder when ((-16)/(-5))/(546/(-110) - s) is divided by 23?
19
Let n be ((-10)/(-15))/(2 + 0)*219. Suppose 3*c + n = 2*b, -2*c - 166 = -5*b - 0*b. What is the remainder when 54 is divided by b?
22
Let k be -419*((-24)/(-36))/((-1)/3). Let z = k - 825. What is the remainder when 542 is divided by z?
9
Let s be -1*(-12)/(-3) - (-5 - 1). Suppose 2*g + 81 = 3*x + 22, 2*x - 40 = s*g. What is the remainder when 227 is divided by x?
18
Let s(y) = 7*y**3 + 511*y**2 + 25. What is the remainder when 1535 is divided by s(-73)?
10
Suppose -2*n + 345 = -53. Suppose -5*k = 3*l - n, k + 3*l = -4 + 39. What is the remainder when k is divided by (-11)/((-6 - -7)*-1)?
8
Let m(b) = -81*b - 3. Suppose o = 383 - 384, -13 = -t - 5*o. What is the remainder when m(-2) is divided by t?
15
Calculate the remainder when 232 is divided by 37036/1128 + 0 + 2/12.
1
Let x = -11202 - -11302. Calculate the remainder when 970 is divided by x.
70
Suppose 45 = 2*d - 7. Let o = 36 - d. Suppose 0 = -2*g - 5*r + 30, 6*g + 5*r = 7*g - 15. What is the remainder when g is divided by o?
5
Let y(k) = 37*k - 1030. What is the remainder when y(52) is divided by 53?
46
Suppose -8*n + 3*p = -5*n - 3132, 3*p + 4175 = 4*n. What is the remainder when n is divided by 46?
31
Let s(o) = -5*o**2 + 9*o + 47. Let h(n) = -14*n**2 + 27*n + 143. Let z(p) = -3*h(p) + 8*s(p). What is the remainder when 166 is divided by z(9)?
26
Suppose m + 2*x - 9 = 0, 2*m + 3*x + 0*x = 15. Suppose -2*p + 57 = 5*z - 0, -2*z = m*p - 69. Calculate the remainder when 67 is divided by p.
4
Suppose 0 = 3*x + 2*k + 13 - 75, -5*k = 2*x - 34. Let v = x - 10. Let q = -10 - -44. Calculate the remainder when q is divided by v.
10
Suppose 99*f + 375 = 102*f - s, 0 = 3*f - 3*s - 375. Calculate the remainder when 746 is divided by f.
121
Suppose 5*t - 2*s = -0*s + 354, s = -t + 75. Suppose 6*z - t = -0*z. Calculate the remainder when 47 is divided by z.
11
Suppose 176 = 4*r + 5*c, -74 = -5*r - 3*c + 146. Suppose -174 = 4430*n - 4436*n. What is the remainder when r is divided by n?
15
Suppose -8*o = -6*o + 14. Let m(k) = 2*k + 18. Let v be m(o). Suppose -5*a = v*h - 61 + 2, -3*h = 2*a - 39. Calculate the remainder when 51 is divided by h.
7
Suppose 98*m - 12*m - 8538 - 5566 = 0. Calculate the remainder when 29517 is divided by m.
161
Let u = 16 - 13. Suppose z - u*j - 17 = -z, j = -5. Calculate the remainder when 21 is divided by (-8 + 4)/(z/(-2)).
5
Let n be (-36)/((198/(-192))/11). Suppose 42 = -9*m + n. Let x(v) = -2*v - 4. Calculate the remainder when m is divided by x(-6).
6
Let l = -419 - -415. Let y(b) = -14*b + 42. What is the remainder when y(l) is divided by 3?
2
Let z(v) = -11*v + 29. Calculate the remainder when 7466 is divided by z(2).
4
Let w = 220 + -220. Suppose w = a - 42 + 8. What is the remainder when a is divided by (1 - (1 + -9)) + 0?
7
Let w be ((-2)/4)/(74/(-888)). Let c(x) = 0*x + 2*x + 5 + 6*x - x**2. What is the remainder when 67 is divided by c(w)?
16
Suppose -31*c + 23*c = -32. Suppose x + 2 = -j + 55, c*j - 216 = -2*x. What is the remainder when j is divided by 8?
7
Let j(x) = -17*x - 5. Let a be (-15)/(-6)*16/(-60)*3. Suppose 2*w = 118 - 12. Calculate the remainder when w is divided by j(a).
24
Let z = 78 + -49. Let q(u) = -u**3 - 4*u**2 + 2*u + 2. Let w(p) = 5*p**3 - p**2 - p. Let f be w(-1). What is the remainder when z is divided by q(f)?
12
Suppose 126 = 2*t + 3*q, -4*t - 21*q = -18*q - 240. What is the remainder when t is divided by 36?
21
Let z(h) = -11*h + 24. Let l(d) = -5*d - 52. Calculate the remainder when z(-7) is divided by l(-16).
17
Suppose 4*u - 5515 = -5*f, -242*f + 3307 = -239*f + 2*u. What is the remainder when f is divided by 22?
21
Let m(v) = -261*v - 1670. Calculate the remainder when m(-8) is divided by 140.
138
Suppose 3*u - 5*z - 95 = 0, 4*u - 60*z - 136 = -58*z. What is the remainder when u is divided by 16?
3
Let i(v) = -v**2 + 63*v + 275. Suppose 4*o + 92 = 2*h, 146 = -h + 4*h - 4*o. Calculate the remainder when h is divided by i(67).
5
Suppose -19*f - 132 + 208 = 0. Let b be 3/((-9)/44)*-9. Suppose -131 = -6*n + 2*n - 3*c, b = 4*n + f*c. Calculate the remainder when 159 is divided by n.
31
Let o(m) = -m**2 + 37. Suppose 46 + 58 = -2*t. Let r = t - -52. What is the remainder when 183 is divided by o(r)?
35
Let n be -2*35/20*(-18)/21. Suppose -n*y - 5*a = 53 - 420, -3*a = 5*y - 617. What is the remainder when y is divided by 37?
13
Suppose 0 = 5*s - 6*s + 143. Suppose -3*n + 0*a = 3*a - 135, -5*a - 216 = -4*n. Calculate the remainder when s is divided by n.
45
Let j = 16401 - 16364. Suppose 0 = 4*k + 3*d - 595, -5*k - d + 394 = -336. Calculate the remainder when k is divided by j.
34
Let u = 246 - 259. Let t = 51 - u. What is the remainder when t is divided by 39?
25
Let m(c) = 9*c**2 - 1299*c - 3905. Let o = 3 + -1. What is the remainder when m(-3) is divided by o/(12/(-10))*-24?
33
Let u = 106 - 151. Let l = u + 51. Suppose -5*x - 4*z + 26 + l = 0, z = -2*x + 14. What is the remainder when 12 is divided by x?
4
Let n(a) = -a**3 - 5*a**2 + 2*a + 9. Let x be n(-4). What is the remainder when ((-40)/x)/((-2)/(-36)) is divided by 12?
0
Let w = 4778 + -2776. What is the remainder when w is divided by 20?
2
Let v = 11472 - 11399. Calculate the remainder when 184 is divided by v.
38
Let y be (-6)/(-3) + 2/(-6)*-3. Suppose -y*g - 2*x - 50 = -99, -g + 2*x = -27. What is the remainder when 67 is divided by g?
10
Let k(f) = 417*f - 631. Calculate the remainder when k(6) is divided by 125.
121
Let m = 102 - 16. Suppose -3*l + 245 + 52 = 0. Let r = l - m. Calculate the remainder when 59 is divided by r.
7
Suppose -7*x - 50 = -2*x. What is the remainder when 229 is divided by (66/x)/(48/(-240))?
31
Let q = -7 - -15. Suppose 3*l + 51*f = 47*f - 10, 0 = 2*l + 5*f + 16. Suppose 0 = -l*n + q, x + 2*n - 56 = -0. What is the remainder when x is divided by 7?
6
Let s(m) = 2*m**3 - 16*m**2 - 4*m + 12. Let b be s(9). Suppose -5*p = y - b, 2*y + 2*y - 20 = -p. Calculate the remainder when 250 is divided by p.
26
Let z be -22*(-3)/(12/10). Suppose -12*m = -7*m - z. What is the remainder when m is divided by (-166)/(-18) - (87/27 + -3)?
2
Let l = 21 - 46. Let p = l + 33. Let h = 198 + -195. What is the remainder when p is divided by h?
2
Let c = 480 - 688. Let m = c + 285. Calculate the remainder when m is divided by 10.
7
What is the remainder when (-664301)/(-786) + (-2)/12 is divided by 218?
191
Suppose 4*h - 1651 + 607 = 4*y, h - 3*y - 249 = 0. Calculate the remainder when 544 is divided by h.
10
Let s(o) = -o**3 - 10*o**2 + 10*o + 7. Let a be s(-11). Suppose 2 = 2*n, n + n + a = 4*u. Let h = -3050 - -3051. Calculate the remainder when u is divided by h.
0
Let p = 1141 - 1000. Calculate the remainder when p is divided by 77.
64
Let s(k) be the first derivative of -k**4/4 + 5*k**3 - 18*k**2 - 3*k - 5. What is the remainder when s(11) is divided by 8?
5
Suppose 0 = 4*x - 1043 - 573. What is the remainder when x is divided by 12/(-29 - (-25590)/870)?
27
Let n(v) be the first derivative of -v**4/4 - v**3/3 + 4*v**2 + 5*v + 322. What is the remainder when n(-4) is divided by 1*2 + (15 - 2)?
6
Suppose 3*c - 12 = 5*u, -u + 8 = -5*u + 2*c. Calculate the remainder when (-33)/55*(1 + 2440/(-15)) is divided by